0 + (-58)/(-4).
12
Let r(p) = -7*p**3 + 2*p**2 + 4*p + 3. What is the remainder when r(-2) is divided by (3/2*-1)/((-168)/2240)?
19
Suppose 5*z = 18*z + 260. Let l = 27 + z. Calculate the remainder when l is divided by 3.
1
Let l = 73 + -49. What is the remainder when l is divided by 2 - (30/5 + -9)?
4
What is the remainder when 57 is divided by 9/6*6*(-85)/(-45)?
6
Suppose -m - 780 = -16*m. What is the remainder when 204 is divided by m?
48
Let x(y) = -14*y - 24. Let z(a) = 7*a + 12. Let i(g) = 4*x(g) + 7*z(g). Calculate the remainder when 9 is divided by i(-2).
1
Let y = 90 - 50. Suppose -4*f = -80 - y. Calculate the remainder when 237 is divided by f.
27
Suppose 3*h - 5*q - 75 = 0, -3*h - q + 97 = 2*h. What is the remainder when h is divided by 288/12 - 10 - 6?
4
Let j(a) = 14*a**2 + 9*a + 3. Calculate the remainder when j(-6) is divided by 76.
73
Suppose -t + 10 = 7. Suppose 8*x - 20 = t*x. Suppose -2*k + 6 + 8 = u, -2*k + 14 = -4*u. What is the remainder when k is divided by x?
3
What is the remainder when 32 is divided by ((-828)/322)/(6/(-28))?
8
Let y(a) = 3*a + 8. Let q be y(3). Let u = q + -15. Suppose -2*l - 3*m + 6 = 0, -7*l + 3*l = u*m - 20. What is the remainder when 23 is divided by l?
5
Let d(s) = -3*s**3 - 11*s**2 + 3*s + 7. Suppose 26 - 38 = 3*n. What is the remainder when 30 is divided by d(n)?
8
What is the remainder when 2 - ((-20)/(-5) - 224) is divided by 28?
26
Let p(v) = -v**3 + 11*v**2 - 19*v - 3. Let l(w) = 7*w**2 + 6*w + 2. Calculate the remainder when l(5) is divided by p(5).
51
Suppose 15*a = 23*a - 728. Let p = a + 6. Calculate the remainder when p is divided by 33.
31
Let f(h) = -h**2 + 16*h - 18. Calculate the remainder when f(13) is divided by (-70)/(-6) - (-2)/6.
9
Let i be 2/(-3) + (-24)/(-9). Suppose 0 = i*x - 1 - 5. Suppose -x*d - 40 = -a, 2*a - a = -d + 32. Calculate the remainder when 67 is divided by a.
33
Suppose -4*x + 9*x = 5. Let w be 0 + 7*34/x. Suppose 0 = 5*k + 5*t + w - 668, -4*k + 358 = -3*t. Calculate the remainder when k is divided by 30.
28
Let n = 188 + 33. Calculate the remainder when n is divided by 56.
53
Let x = 2 - 2. Suppose x = 2*j - d - 13, -d + 1 = -j + 8. What is the remainder when 2*(-1)/4*-34 is divided by j?
5
Let n(h) = -10*h**3 - 3*h - 2. Suppose -3*d - 7 = -4*j, -2*d + d = 2*j - 1. What is the remainder when 18 is divided by n(d)?
7
Let f(q) = -q - 5. Let g be f(-8). Suppose 3*h + 2*h - 110 = g*p, 2*p = 4*h - 88. Suppose h = 3*i - 2*i. Calculate the remainder when 43 is divided by i.
21
Let a be 1 + -2 + 20 + -2 + -1. Suppose 2*c - 6*c = -a. What is the remainder when 48 is divided by c?
0
Let k(r) = -r**2 - 14*r + 7. Let l be k(-12). Suppose 4*c - 5*c = l. Let b = c + 65. What is the remainder when b is divided by 9?
7
Let k(z) = 2*z**3 - 32*z**2 - 27*z + 78. What is the remainder when k(17) is divided by 99?
98
What is the remainder when (90 + 4)*3/6 is divided by 6?
5
Let s(m) be the first derivative of -m**3/3 - 7*m**2 + 5*m + 7. What is the remainder when s(-13) is divided by 10?
8
Let f = -1 - -3. Let s(l) = -l**2 - 5*l + 10. Let h be s(-6). Suppose 29 - h = 5*d. Calculate the remainder when d is divided by f.
1
Let f(j) = -j**3 - 19*j**2 - 36*j - 13. What is the remainder when 31 is divided by f(-17)?
10
Suppose 4*l = -20, 2*l = n + 2*n - 16. Suppose -n*u + 252 = u. What is the remainder when 7/(u/176)*6 is divided by 30?
28
Suppose 0 = 2*g - 2*m + 508, -2*m + 770 = -3*g - m. Let d = g - -362. Calculate the remainder when d is divided by 36.
32
Let i = 39 - 27. Let x be (i/5)/(75/250). What is the remainder when 208/12 + x/(-6) is divided by 9?
7
Suppose 9*s = 12*s + 33. Let w(k) = -k + 11. Calculate the remainder when 41 is divided by w(s).
19
Suppose 9*a + 14*a = 828. What is the remainder when 175 is divided by a?
31
Let g(n) = -352*n**3 - 2*n**2 - 13*n - 12. Calculate the remainder when g(-1) is divided by 29.
3
Suppose -13*m = -10*m - 15. Let d(v) = v**3 - 5*v**2 + 5. What is the remainder when 24 is divided by d(m)?
4
Suppose 2*z - 2*s - 84 = 26, 325 = 6*z - 5*s. Let x(t) = 9*t**2 - 5*t - 6. Calculate the remainder when x(-6) is divided by z.
48
Suppose 2*z = 3*z - 11. Let y(j) = -40*j - 134. What is the remainder when y(-4) is divided by z?
4
Let s(v) = -v**3 + 25*v**2 + 42*v - 40. What is the remainder when s(26) is divided by 98?
82
Let m(h) = 5*h + 10. Let u = 32 + -28. What is the remainder when 88 is divided by m(u)?
28
Suppose 13*t - 769 = 10*t + 5*g, -3*g = -12. Calculate the remainder when t is divided by 84.
11
Suppose 3*s + 2*z + 3*z - 7 = 0, 0 = -4*s - z + 15. Suppose 4*d = p + 15, d = -4*d + s*p + 5. What is the remainder when d is divided by 3?
2
Suppose -492 - 76 = -8*g. Suppose 2*a + 3*a - f = 349, -f + g = a. What is the remainder when a is divided by 37?
33
Let x(p) = -p**3 + 5*p**2 + 2*p. Let g be x(4). Suppose -68 = -s - s + 2*h, -s = 4*h - g. Let z = 16 + -5. Calculate the remainder when s is divided by z.
10
Let u = -1284 + 1316. Calculate the remainder when 219 is divided by u.
27
Let q(g) = -17*g - 43. Calculate the remainder when q(-17) is divided by 19.
18
Let h(j) = j**2 + j - 1. Let p be h(-3). Suppose 4*d + 0*d - q = 197, -p*q - 25 = 0. What is the remainder when d is divided by 10?
8
Suppose -r + 11 = 2*n, -n - 6 = -3*r - 29. Suppose -3*f = -73 - n. Let v = -24 + f. What is the remainder when 7 is divided by v?
1
Let i(t) = 3*t**2 - 7*t - 9. Let s be i(-3). Let y = s + -30. What is the remainder when 77 is divided by y?
5
Let x = -26 - -121. Let u(r) = 3*r + 3. Calculate the remainder when x is divided by u(7).
23
Calculate the remainder when 64 is divided by 47 + (1 - -1) - 1.
16
Let v(r) = -20*r + 30. What is the remainder when v(-4) is divided by 14?
12
Let z(a) = -4*a**2 - a + 4. Let b be z(3). What is the remainder when 94 is divided by 2/4*4/(-1) - b?
28
Suppose 200 = -25*m + 26*m. What is the remainder when m is divided by -2 + 57 - (-4 + 8)?
47
Let c(k) = k**2 + 2*k - 2. Let g = -24 + 17. Calculate the remainder when c(g) is divided by 17.
16
Let d = 335 + -264. Calculate the remainder when 272 is divided by d.
59
Let k be (-102)/((-2)/(-4)*-2). Suppose -a = -i - k, 5*a - 127 = -2*i + 355. Let c(w) = 59*w + 497. What is the remainder when a is divided by c(-8)?
23
Let o(j) = -17*j - 77. What is the remainder when o(-9) is divided by 40?
36
Let h(n) = -n**3 - 23*n**2 - 63*n - 3. What is the remainder when h(-20) is divided by 4?
1
Let p = 20 - 13. Let y = 2 - p. Let h(d) = -7*d - 6. Calculate the remainder when 55 is divided by h(y).
26
Let p(d) = 2*d**3 + 21*d**2 + 8*d - 7. Calculate the remainder when p(-9) is divided by 33.
32
Suppose -4*w + y = -9, 4*w - 2*w - 1 = -3*y. Calculate the remainder when 3360/(-36)*(w/4 + -2) is divided by 24.
20
What is the remainder when 789 is divided by (-8)/112*-4*231?
63
What is the remainder when 17 is divided by (2 - -1) + (-10)/(-40)*20?
1
Let t = -1769 - -1889. Calculate the remainder when t is divided by 31.
27
Suppose -4*v + w = 5, 5*w = 34 - 9. Let n = 6 - v. Suppose -3*t - 37 = -3*c + 2*t, c + n = -2*t. What is the remainder when c is divided by 2?
0
Calculate the remainder when (-400)/5*-2*1 + 5 is divided by 19.
13
Let o(y) = 366*y + 25. Calculate the remainder when o(1) is divided by 28.
27
Let d(z) = -z**2 + 10*z + 8. Let h be d(10). Let b = h + -10. Calculate the remainder when 59 is divided by (b - (-11)/4)*20.
14
Suppose 5*l - 1625 = -5*f, 5*f - 4*l - 1171 = 427. Calculate the remainder when f is divided by 36.
34
Suppose -t + 2*u + 3 = 0, -22*u + 10 = t - 17*u. Calculate the remainder when 14 is divided by t.
4
Let b(l) = 7*l**2 + 3*l - 26. Calculate the remainder when b(-9) is divided by 26.
20
Let z be (-39)/26*20/(-6). Suppose 0 = z*o - 70 + 15. Calculate the remainder when 32 is divided by o.
10
Suppose 0 = 3*z + 3*q - 6*q - 21, -q = -5*z + 19. Suppose -2*a - z = -15. Suppose d = a*d - 35. Calculate the remainder when 19 is divided by d.
5
Let j be (-1)/3*11/((-11)/6). Suppose -3*s = -5*i - 204, -5*i + 68 = s - j*i. What is the remainder when s is divided by 23?
22
Suppose 8*j = 144 + 920. Calculate the remainder when j is divided by 30.
13
Suppose 0 = -2*v + m + m + 14, 5*v + 3*m - 19 = 0. Suppose v*h - 12 = 63. Let s = 8 - 4. What is the remainder when h is divi